 (7 + (14 - (22 + -9)))?
-1
What is -2 + (1 - -37 - 1) - (-229 + 232)?
32
Evaluate (7 - 53 - -5) + 21.
-20
Evaluate -4 + 0 - ((-5 + 1 - 3) + 3).
0
Evaluate 39 - ((39 - -3) + 32).
-35
Calculate (-13 - 28) + (-11 - -13 - -10).
-29
What is the value of -1 - (-7 + 0) - (96 - (-88 - -151))?
-27
Evaluate 4 - ((16 - 6) + -4 + -10 + 4).
4
Calculate -8 + 1 + 5 + (-4 + -2 - 3).
-11
(-245 - -252) + -25 + -2 + 1
-19
What is 2 + -21 - (-22 + 1 + 8)?
-6
(-173 - -163) + (2 - 2 - (-1 + 1))
-10
Evaluate 155 + -174 - (0 + -10).
-9
What is -199 + 209 + (-1 - 13)?
-4
What is -37 + 28 + 16 + -8?
-1
-22 - -32 - (5 + 0)
5
What is the value of (4 - -10) + (6 - 8 - 10)?
2
-16 - -51 - (-65 + 87)
13
What is 32 + -14 + 1 + 2 + (-9 - -5)?
17
Evaluate -3 + 2 + 301 + -301.
-1
Evaluate 18 + -25 + (-19 + 4 - -8).
-14
29 + (-1 + 37 - 29)
36
What is the value of 34 - 46 - (-8 + (5 - -5))?
-14
Evaluate -122 + 133 + -17 + -7.
-13
What is (-5 + 4 - (-2 + 1)) + -1 + -2?
-3
-1 + -15 + 14 + 3
1
-19 - (-8 + -4) - (-3 - 2)
-2
4 + (-10 - -39) + -19
14
What is the value of 3 + (23 + 2 - -2) - (13 - 4)?
21
What is -19 + 1 - (-1 - (-14 - -33 - 15))?
-13
Evaluate -26 - (13 + -7 + -7 + 0).
-25
(-14 - -11) + 25 - 12
10
What is (-5 - -6) + -8 + 8 - (1 + 2)?
-2
-6 + 46 + -39 - (8 + 1 - 0)
-8
What is the value of -23 + -12 + 17 + (-3 - (5 - 2))?
-24
What is 1 - (0 - 0) - (3 + (13 - 11))?
-4
What is the value of 5 + 3 - ((2 - 3) + (7 - 2))?
4
Evaluate -56 - (-5 + -25) - -29.
3
What is the value of (2 - 5) + (11 - 4) + 7 - -8?
19
What is (-8 - 9) + (7 - 5) + -1?
-16
Evaluate (-6 + 4 + 6 - 9) + 24.
19
What is the value of 2 + 16 + -6 + (1 - -2)?
15
What is 24 - 9 - (-24 - -25)?
14
35 - (-62 - -90) - (-1 - (0 + 8))
16
Evaluate 6 - (28 + -15 - -8 - (-9 - -2)).
-22
1 + 0 - (-155 - -142) - 42
-28
What is the value of -6 - (2 - (1 + 1 + (53 - 50)))?
-3
0 - (-34 - -96 - 35)
-27
What is 0 + 1 + 11 + -36 + 23 + 9?
8
Evaluate -21 + 0 - (-2257 - -2232).
4
Evaluate (-95 - -102) + (3 - -10).
20
Evaluate 1 + (-14 - (-10 + 7 + -3)).
-7
What is 6 + (16 - 27) + -1?
-6
14 + (-16 - 19) + (3 - (1 + -3))
-16
Calculate (22 - ((-14 - -51) + -20)) + 20 + 0.
25
5 + 16 - (9 + (8 - 11))
15
Calculate (-4 - -4) + 2 + -2 + 6 + 6.
12
Calculate -11 + 8 + -31 + 46.
12
Calculate 6 + -8 + 4 + 4 + 6.
12
Evaluate (-3 + -3 - 1 - -8) + -13 - -1.
-11
(5 - (2 - -3) - -10) + (12 - 2)
20
What is the value of -4 + -2 + 28 + -79 + 45?
-12
What is the value of -6 - 1 - (-23 - -18)?
-2
Calculate -3 + (30 - 16) + (-1 - 4) + 2.
8
What is the value of -20 + 62 + -8 - 21?
13
Calculate -10 + (8 - (13 - 20)).
5
Calculate 2 - ((-2 - 1) + 0 + 1 + -4).
8
What is the value of -34 - ((-40 - -43) + -32)?
-5
Calculate -2 - ((-6 - -1) + (-6 - -11) + -12).
10
-1 + 2 + (-8 - (-12 - -14)) + 4
-5
Calculate 2 - -3 - 10 - (0 + -5).
0
Calculate -20 + (-22 - -57) + (-4 - -11).
22
Calculate -33 + (-2 - -17) + 8.
-10
Calculate -9 + (-14 - -20) - -27.
24
What is 7 + -11 + -12 + 22 + -3?
3
What is the value of -27 - (-7 - (26 - 24))?
-18
What is (11 - ((4 - -3) + 2)) + -4 + 4?
2
Evaluate -1 + -4 + -4 - (-15 + 14).
-8
What is the value of 18 - (11 + 1 + 28)?
-22
What is -3 - 4 - -37 - 17?
13
21 - (26 - 7) - (-1 - (5 - -3))
11
What is 1 - (-5 - ((3 - 6) + 6))?
9
1 + (15 - (8 + 0)) + 10 - 8
10
What is (6 - (17 + -18 + 2 + -2)) + -6?
1
What is -3 + (13 - (-17 + 14))?
13
Evaluate (-36 - -46) + -41 + 8.
-23
What is 2 + -10 - (193 + -194)?
-7
What is the value of (1 - 6) + (4 - (-2 + 1) - -16)?
16
Calculate 108 - 108 - (-6 + 3 - 34).
37
What is the value of -19 + 18 + 0 + (0 - (1 + -4))?
2
-45 + (8 + 16 - -9)
-12
What is the value of (-29 - -26 - (3 + (3 - 12))) + 1?
4
What is 24 + (-5 - (6 + -8))?
21
What is (-316 - -311) + 2 + 7 + -2 - 5?
-3
What is the value of -24 + 9 + -10 - -17?
-8
Evaluate 21 + (-12 - -13 - 34).
-12
Evaluate 6 - (13 + -23 - -8).
8
Evaluate 9 + -8 + -3 + -4 + 6.
0
What is (2 - ((-2 - -4) + -2)) + -7 + 12?
7
Evaluate 9 + (4 - -5) + -17 - (1 + -4).
4
Evaluate 31 - (53 - (-31 - -46)).
-7
Calculate (0 - -4) + (5 - (37 + -42)).
14
Calculate (-26 - -21 - -12) + (-6 - -9).
10
17 + -37 - -14 - -22
16
(6 - (6 + -1 - 1)) + 9
11
((10 - 19) + 1 + 3 - -9) + -2
2
2 + -8 + 13 + -5 + 3
5
(1 - (-9 - -1)) + (-1 - 9 - -3)
2
What is the value of (-100 - -118 - (-1 + -12)) + -10?
21
Evaluate -33 - (5 - 11) - -12.
-15
(22 - 6) + -35 - 1
-20
(-4 - (-7 + 10)) + (3 - 1)
-5
What is the value of 6 - (5 - 1 - (12 + (-8 - 14)))?
-8
Calculate (8 - (-1 + 3)) + 20 + -19 + -18.
-11
What is -6 - (7 + -10) - 3?
-6
What is the value of 17 - (-2 + (2 - (4 + -2 - 0)))?
19
1 - ((-9 + 3 - -11) + 4 + -15)
7
Calculate 0 + (-15 - (1 + -3 - (17 - 25))).
-21
Evaluate 38 + 48 + -40 + -34.
12
Evaluate 6 - -1 - (-302 + 306).
3
Calculate 8 - ((-5 - -11) + 6 + -30).
26
Calculate -22 + 6 - -15 - (-11 - (1 + -2)).
9
Evaluate 10 - (-16 + 31 + -15).
10
What is the value of -23 + -5 + 22 + -8 + 2 + 4?
-8
55 + -70 - (4 - ((-4 - -4) + -2))
-21
Evaluate (4 - 7 - -2) + -1 + -3 - -1.
-4
Calculate (0 - -7) + (-164 - -150).
-7
4 + (-13 - (-3 + 0)) + 1 - -11
6
(-11 - -5) + -27 - (-6 + 2 - -1)
-30
Evaluate -2 + (21 - -5) + -8 + 5.
21
Calculate (8 - (-1 + 3)) + -24 + 10.
-8
What is -4 - (23 + -16 - (2 + 7 + -3))?
-5
What is the value of -1 + (-3 - 0) + -1 + (16 - 8)?
3
Evaluate -6 + (13 - 19 - 20).
-32
Evaluate 53 - 61 - (-25 - 0) - -1.
18
What is the value of (7 + -6 - -14) + -8?
7
3 + 11 + -20 + 9 - -1
4
Evaluate (3 - (-3 - 0)) + (-5 - -8 - 9).
0
Evaluate (-20 + 12 - 0 - -14) + (-2 - 0).
4
What is -58 + 35 + (1 - (-8 + -5))?
-9
Calculate (0 - (0 + 0)) + (-136 - -127) - 0.
-9
(21 - (18 - 22)) + -3
22
Calculate -1 - (-2 + -3 + 10 + -6 + 4).
-4
-4 + 3 + 1 + 16 + (48 - 41)
23
What is -3 - ((-55 - -18) + 19)?
15
Calculate 102 + -37 + -49 - (3 + -1).
14
Evaluate -11 - (-8 + -6 - 0 - -8).
-5
What is 20 + -17 - (-21 - -2)?
22
Calculate (-5 - -3) + (2 - 5) - (304 - 317).
8
Calculate (-3 + 4 - 9 - -5) + 9.
6
Evaluate 0 + (-3 - 4) + (0 - -2) + -5.
-10
Evaluate -1 + -4 - (85 + (-39 - 89)).
38
What is the value of 12 - (-2 - -20 - (35 + -20))?
9
What is the value of 7 + (-73 - (30 - 66))?
-30
What is -77 + 64 + (4 - -55 - 9)?
37
Evaluate -23 - 4 - (-3 + -4).
-20
Calculate 7 + (10 - 14) + -10.
-7
-13 + 18 + -18 - (-21 + -5)
13
-187 - -197 - (-8 + -1 - (-5 - -7))
21
Calculate (31 - 9) + (1 - 6).
17
-11 + 1 + (26 - 1 - 33) + -10
-28
What is 7 - ((10 - 10) + (-22 - -10))?
19
Evaluate -22 - (10 + (-2 - (11 + -2))) - -10.
-11
What is 2613 + -2576 + 1 + -2 + -13?
23
Evaluate (-25 - -16) + 3 - (-22 - 0).
16
0 + -2 - (436 + -440)
2
(-29 - -4) + -10 + 15
-20
What is 16 + -13 + -1 + (3 - -4 - -2)?
11
What is the value of -4 - ((13 - (26 - 11)) + 11)?
-13
Evaluate 1 - 2 - 4 - (4 + -4).
-5
What is -8 + 28 + -12 + -3?
5
What is the value of -10 - (-16 - (-23 - (13 + -7)))?
-23
What is -1 + (9 - 2 - 19 - 15)?
-28
What is -7 + 26 + -5 + (15 - -1)?
30
What is 3 - 0 - (-27 + 8 - (-24 + 26))?
24
What is -10 - ((1 - (0 + 3)) + (-24 - -26))?
-10
What is (21 - 19) + -3 + 14?
13
4 + 0 + -4 - ((7 - 4) + -9)
6
Calculate 2 + (1 - -3 - (-15 + 24 - 19)).
16
Calculate -5 + (0 - 2) - (-5 + 13).
-15
What is (0 - 9) + (26 - 4 - -4)?
17
Calculate (-1 - 0) + -13 + -1 + -27 + 30.
-12
What is the value of 8 + -11 - (-3 - 1) - (-6 - -22)?
-15
What is the value of 29 - 49 - -11 - (0 - 10)?
1
(32 - 22) + (-2 - -1) + (0 - 2)
7
15 + 6 - (-4 - -16)
9
What is -8 - ((-18 - -16) + -9)?
3
Calculate 27 + -18 + 15 + -14 - (-7 + -1).
18
-20 + 17 - 21 - -22
-2
Evaluate 7 + (8 + 11 - 10 - 4).
12
What is the value of -1 + -1 - (15 - (0 - 0 - -13))?
-4
Evaluate -7 + (-12 - -19) + -1 - 1.
-2
Evaluate -16 + 19 + (6 - 21).
-12
-1 - -3 - (2 + 4 + 7)
-11
What is the value of 0 + (1 + -3 + (19 - 19) - 5)?
-7
Calculate -4 + -8 - (-1 - (1 - 8)).
-18
What is the value of (-9 - 3) + 6 - (-5 - 33)?
32
Calculate -7 + (12 - -1) - 20.
-14
Calculate (-53 - -43) + 1 + -3 + 1 + -1.
-12
(-11 - (-35 + 14)) + -13
-3
Calculate -3 + 5 - (4 + -7 - -13).
-8
What is the value of (18 - (5 - 4 - -1)) + 0 + -2?
14
Evaluate -5 - (9 + 0 + -12).
-2
What is 0 + -1 + -4 + 5 - -5?
5
What is 0 + -12 + 583 + -585?
-14
What is -8 + 1 + -19 + 18?
-8
Calculate 4 - (34 - 22 - -9).
-17
What is the value of 19 - ((-14 - -30) + 13)?
-10
Evaluate (9 + -8 - (3 + 6 + -5)) + -4.
-7
What is -47 + 52 + -4 + 5 + -23?
-17
Wh